{"id":45,"date":"2021-09-07T19:06:53","date_gmt":"2021-09-07T19:06:53","guid":{"rendered":"https:\/\/neu.tus-honau.de\/?page_id=45"},"modified":"2025-05-15T11:57:57","modified_gmt":"2025-05-15T09:57:57","slug":"foerderverein","status":"publish","type":"page","link":"https:\/\/tus-honau.de\/?page_id=45","title":{"rendered":"F\u00f6rderverein"},"content":{"rendered":"<p>[et_pb_section fb_built=&#8220;1&#8243; _builder_version=&#8220;4.16&#8243; _module_preset=&#8220;default&#8220; global_colors_info=&#8220;{}&#8220; theme_builder_area=&#8220;post_content&#8220;][et_pb_row _builder_version=&#8220;4.16&#8243; _module_preset=&#8220;default&#8220; global_colors_info=&#8220;{}&#8220; theme_builder_area=&#8220;post_content&#8220;][et_pb_column type=&#8220;4_4&#8243; _builder_version=&#8220;4.16&#8243; _module_preset=&#8220;default&#8220; global_colors_info=&#8220;{}&#8220; theme_builder_area=&#8220;post_content&#8220;][et_pb_image src=&#8220;https:\/\/www.tus-honau.de\/wp-content\/uploads\/2013\/04\/f%C3%B6rderverein-e1384113392836.jpg&#8220; _builder_version=&#8220;4.16&#8243; _module_preset=&#8220;default&#8220; positioning=&#8220;absolute&#8220; position_origin_a=&#8220;top_right&#8220; vertical_offset=&#8220;-80px&#8220; position_origin_a_tablet=&#8220;&#8220; position_origin_a_phone=&#8220;&#8220; position_origin_a_last_edited=&#8220;on|desktop&#8220; position_origin_f_tablet=&#8220;&#8220; position_origin_f_phone=&#8220;&#8220; position_origin_f_last_edited=&#8220;on|desktop&#8220; position_origin_r_tablet=&#8220;&#8220; position_origin_r_phone=&#8220;&#8220; position_origin_r_last_edited=&#8220;on|desktop&#8220; width_last_edited=&#8220;off|desktop&#8220; max_height=&#8220;70px&#8220; positioning_tablet=&#8220;none&#8220; positioning_phone=&#8220;&#8220; positioning_last_edited=&#8220;on|tablet&#8220; global_colors_info=&#8220;{}&#8220; theme_builder_area=&#8220;post_content&#8220;][\/et_pb_image][et_pb_text _builder_version=&#8220;4.16&#8243; _module_preset=&#8220;default&#8220; global_colors_info=&#8220;{}&#8220; theme_builder_area=&#8220;post_content&#8220;]<\/p>\n<p>Warum? Was? Wer? Wieviel? Die Gr\u00fcndungsversammlung des F\u00f6rdervereins TuS Honau e.V. fand am 23. April 2002 statt.<\/p>\n<p>[\/et_pb_text][et_pb_divider _builder_version=&#8220;4.16&#8243; _module_preset=&#8220;default&#8220; custom_margin=&#8220;||-2px|||&#8220; global_colors_info=&#8220;{}&#8220; theme_builder_area=&#8220;post_content&#8220;][\/et_pb_divider][et_pb_text _builder_version=&#8220;4.23.1&#8243; _module_preset=&#8220;default&#8220; global_colors_info=&#8220;{}&#8220; theme_builder_area=&#8220;post_content&#8220;]<\/p>\n<h4>Warum gibt es ihn?<\/h4>\n<p>Wir f\u00f6rdern finanziell Projekte und Vorhaben<br \/>des Sportvereins TuS Honau 1905 e.V.<\/p>\n<h4>Was ist unser gr\u00f6\u00dftes Anliegen ?<\/h4>\n<p>Die F\u00f6rderung der Jugend<\/p>\n<h4>Wer steht hinter dem Verein ?<\/h4>\n<p>1. Vorsitzender : Thomas Epple<br \/>2. Vorsitzender : Simon Usenbenz<br \/>Kassiererin : Ann-Catrin Knupfer<br \/>Schriftf\u00fchrerin : Conny Henker<br \/>Beisitzer : Oliver Henker, Detlef Alle, David Epple<\/p>\n<h4>Wie hoch ist der Beitrag ?<\/h4>\n<p>J\u00e4hrlich 10 \u20ac<\/p>\n<p>[\/et_pb_text][et_pb_divider _builder_version=&#8220;4.16&#8243; _module_preset=&#8220;default&#8220; custom_margin=&#8220;||-1px|||&#8220; global_colors_info=&#8220;{}&#8220; theme_builder_area=&#8220;post_content&#8220;][\/et_pb_divider][et_pb_text _builder_version=&#8220;4.16&#8243; _module_preset=&#8220;default&#8220; global_colors_info=&#8220;{}&#8220; theme_builder_area=&#8220;post_content&#8220;]<\/p>\n<p>F\u00f6rderverein bedankt sich!<\/p>\n<p>Der F\u00f6rderverein TuS Honau 2002 e.V. m\u00f6chte sich an dieser Stelle recht herzlich bei allen Spendern bedanken.<\/p>\n<p>[\/et_pb_text][et_pb_button button_url=&#8220;\/wp-content\/uploads\/2025\/05\/Mitgliedsantrag-Foerderverein-Stand-04-2025-1.pdf&#8220; url_new_window=&#8220;on&#8220; button_text=&#8220;Mitgliedsantrag F\u00f6rderverein&#8220; _builder_version=&#8220;4.23.1&#8243; _module_preset=&#8220;default&#8220; hover_enabled=&#8220;0&#8243; global_colors_info=&#8220;{}&#8220; theme_builder_area=&#8220;post_content&#8220; sticky_enabled=&#8220;0&#8243;][\/et_pb_button][\/et_pb_column][\/et_pb_row][\/et_pb_section]<\/p>\n","protected":false},"excerpt":{"rendered":"<p>Warum? Was? Wer? Wieviel? Die Gr\u00fcndungsversammlung des F\u00f6rdervereins TuS Honau e.V. fand am 23. April 2002 statt.Warum gibt es ihn? Wir f\u00f6rdern finanziell Projekte und Vorhabendes Sportvereins TuS Honau 1905 e.V. Was ist unser gr\u00f6\u00dftes Anliegen ? Die F\u00f6rderung der Jugend Wer steht hinter dem Verein ? 1. Vorsitzender : Thomas Epple2. Vorsitzender : Simon [&hellip;]<\/p>\n","protected":false},"author":1,"featured_media":2619,"parent":0,"menu_order":0,"comment_status":"closed","ping_status":"closed","template":"","meta":{"_et_pb_use_builder":"on","_et_pb_old_content":"","_et_gb_content_width":"","inline_featured_image":false,"footnotes":""},"class_list":["post-45","page","type-page","status-publish","has-post-thumbnail","hentry"],"_links":{"self":[{"href":"https:\/\/tus-honau.de\/index.php?rest_route=\/wp\/v2\/pages\/45","targetHints":{"allow":["GET"]}}],"collection":[{"href":"https:\/\/tus-honau.de\/index.php?rest_route=\/wp\/v2\/pages"}],"about":[{"href":"https:\/\/tus-honau.de\/index.php?rest_route=\/wp\/v2\/types\/page"}],"author":[{"embeddable":true,"href":"https:\/\/tus-honau.de\/index.php?rest_route=\/wp\/v2\/users\/1"}],"replies":[{"embeddable":true,"href":"https:\/\/tus-honau.de\/index.php?rest_route=%2Fwp%2Fv2%2Fcomments&post=45"}],"version-history":[{"count":10,"href":"https:\/\/tus-honau.de\/index.php?rest_route=\/wp\/v2\/pages\/45\/revisions"}],"predecessor-version":[{"id":4502,"href":"https:\/\/tus-honau.de\/index.php?rest_route=\/wp\/v2\/pages\/45\/revisions\/4502"}],"wp:featuredmedia":[{"embeddable":true,"href":"https:\/\/tus-honau.de\/index.php?rest_route=\/wp\/v2\/media\/2619"}],"wp:attachment":[{"href":"https:\/\/tus-honau.de\/index.php?rest_route=%2Fwp%2Fv2%2Fmedia&parent=45"}],"curies":[{"name":"wp","href":"https:\/\/api.w.org\/{rel}","templated":true}]}}

Förderverein

<p>[et_pb_section fb_built=&#8220;1&#8243; _builder_version=&#8220;4.16&#8243; _module_preset=&#8220;default&#8220; global_colors_info=&#8220;{}&#8220; theme_builder_area=&#8220;post_content&#8220;][et_pb_row _builder_version=&#8220;4.16&#8243; _module_preset=&#8220;default&#8220; global_colors_info=&#8220;{}&#8220; theme_builder_area=&#8220;post_content&#8220;][et_pb_column type=&#8220;4_4&#8243; _builder_version=&#8220;4.16&#8243; _module_preset=&#8220;default&#8220; global_colors_info=&#8220;{}&#8220; theme_builder_area=&#8220;post_content&#8220;][et_pb_image src=&#8220;https://www.tus-honau.de/wp-content/uploads/2013/04/f%C3%B6rderverein-e1384113392836.jpg&#8220; _builder_version=&#8220;4.16&#8243; _module_preset=&#8220;default&#8220; positioning=&#8220;absolute&#8220; position_origin_a=&#8220;top_right&#8220; vertical_offset=&#8220;-80px&#8220; position_origin_a_tablet=&#8220;&#8220; position_origin_a_phone=&#8220;&#8220; position_origin_a_last_edited=&#8220;on|desktop&#8220; position_origin_f_tablet=&#8220;&#8220; position_origin_f_phone=&#8220;&#8220; position_origin_f_last_edited=&#8220;on|desktop&#8220; position_origin_r_tablet=&#8220;&#8220; position_origin_r_phone=&#8220;&#8220; position_origin_r_last_edited=&#8220;on|desktop&#8220; width_last_edited=&#8220;off|desktop&#8220; max_height=&#8220;70px&#8220; positioning_tablet=&#8220;none&#8220; positioning_phone=&#8220;&#8220; positioning_last_edited=&#8220;on|tablet&#8220; global_colors_info=&#8220;{}&#8220; theme_builder_area=&#8220;post_content&#8220;][/et_pb_image][et_pb_text _builder_version=&#8220;4.16&#8243; _module_preset=&#8220;default&#8220; global_colors_info=&#8220;{}&#8220; theme_builder_area=&#8220;post_content&#8220;]</p>
<p>Warum? Was? Wer? Wieviel? Die Gründungsversammlung des Fördervereins TuS Honau e.V. fand am 23. April 2002 statt.</p>
<p>[/et_pb_text][et_pb_divider _builder_version=&#8220;4.16&#8243; _module_preset=&#8220;default&#8220; custom_margin=&#8220;||-2px|||&#8220; global_colors_info=&#8220;{}&#8220; theme_builder_area=&#8220;post_content&#8220;][/et_pb_divider][et_pb_text _builder_version=&#8220;4.23.1&#8243; _module_preset=&#8220;default&#8220; global_colors_info=&#8220;{}&#8220; theme_builder_area=&#8220;post_content&#8220;]</p>
<h4>Warum gibt es ihn?</h4>
<p>Wir fördern finanziell Projekte und Vorhaben<br />des Sportvereins TuS Honau 1905 e.V.</p>
<h4>Was ist unser größtes Anliegen ?</h4>
<p>Die Förderung der Jugend</p>
<h4>Wer steht hinter dem Verein ?</h4>
<p>1. Vorsitzender : Thomas Epple<br />2. Vorsitzender : Simon Usenbenz<br />Kassiererin : Ann-Catrin Knupfer<br />Schriftführerin : Conny Henker<br />Beisitzer : Oliver Henker, Detlef Alle, David Epple</p>
<h4>Wie hoch ist der Beitrag ?</h4>
<p>Jährlich 10 €</p>
<p>[/et_pb_text][et_pb_divider _builder_version=&#8220;4.16&#8243; _module_preset=&#8220;default&#8220; custom_margin=&#8220;||-1px|||&#8220; global_colors_info=&#8220;{}&#8220; theme_builder_area=&#8220;post_content&#8220;][/et_pb_divider][et_pb_text _builder_version=&#8220;4.16&#8243; _module_preset=&#8220;default&#8220; global_colors_info=&#8220;{}&#8220; theme_builder_area=&#8220;post_content&#8220;]</p>
<p>Förderverein bedankt sich!</p>
<p>Der Förderverein TuS Honau 2002 e.V. möchte sich an dieser Stelle recht herzlich bei allen Spendern bedanken.</p>
<p>[/et_pb_text][et_pb_button button_url=&#8220;/wp-content/uploads/2025/05/Mitgliedsantrag-Foerderverein-Stand-04-2025-1.pdf&#8220; url_new_window=&#8220;on&#8220; button_text=&#8220;Mitgliedsantrag Förderverein&#8220; _builder_version=&#8220;4.23.1&#8243; _module_preset=&#8220;default&#8220; hover_enabled=&#8220;0&#8243; global_colors_info=&#8220;{}&#8220; theme_builder_area=&#8220;post_content&#8220; sticky_enabled=&#8220;0&#8243;][/et_pb_button][/et_pb_column][/et_pb_row][/et_pb_section]</p>

<p>Warum? Was? Wer? Wieviel? Die Gründungsversammlung des Fördervereins TuS Honau e.V. fand am 23. April 2002 statt.Warum gibt es ihn? Wir fördern finanziell Projekte und Vorhabendes Sportvereins TuS Honau 1905 e.V. Was ist unser größtes Anliegen ? Die Förderung der Jugend Wer steht hinter dem Verein ? 1. Vorsitzender : Thomas Epple2. Vorsitzender : Simon [&hellip;]</p>
